{"id":90,"date":"2024-05-03T14:54:05","date_gmt":"2024-05-03T14:54:05","guid":{"rendered":"https:\/\/www.jonnart.fi\/?page_id=90"},"modified":"2026-04-25T06:54:34","modified_gmt":"2026-04-25T06:54:34","slug":"utstallningar-nayttelyita-exhibitions","status":"publish","type":"page","link":"https:\/\/www.jonnart.fi\/index.php\/utstallningar-nayttelyita-exhibitions\/","title":{"rendered":"Utst\u00e4llningar &#8211; N\u00e4yttelyit\u00e4 &#8211; Exhibitions"},"content":{"rendered":"\n<figure class=\"wp-block-image size-full is-resized\"><img loading=\"lazy\" decoding=\"async\" width=\"2470\" height=\"1940\" src=\"https:\/\/www.jonnart.fi\/wp-content\/uploads\/2026\/04\/9_Mot-hemmahamnen_2022_17x21_150_copy.jpg\" alt=\"9\" class=\"wp-image-357\" style=\"width:320px;height:auto\" srcset=\"https:\/\/www.jonnart.fi\/wp-content\/uploads\/2026\/04\/9_Mot-hemmahamnen_2022_17x21_150_copy.jpg 2470w, https:\/\/www.jonnart.fi\/wp-content\/uploads\/2026\/04\/9_Mot-hemmahamnen_2022_17x21_150_copy-300x236.jpg 300w, https:\/\/www.jonnart.fi\/wp-content\/uploads\/2026\/04\/9_Mot-hemmahamnen_2022_17x21_150_copy-1024x804.jpg 1024w, https:\/\/www.jonnart.fi\/wp-content\/uploads\/2026\/04\/9_Mot-hemmahamnen_2022_17x21_150_copy-150x118.jpg 150w, https:\/\/www.jonnart.fi\/wp-content\/uploads\/2026\/04\/9_Mot-hemmahamnen_2022_17x21_150_copy-768x603.jpg 768w, https:\/\/www.jonnart.fi\/wp-content\/uploads\/2026\/04\/9_Mot-hemmahamnen_2022_17x21_150_copy-1536x1206.jpg 1536w, https:\/\/www.jonnart.fi\/wp-content\/uploads\/2026\/04\/9_Mot-hemmahamnen_2022_17x21_150_copy-2048x1609.jpg 2048w, https:\/\/www.jonnart.fi\/wp-content\/uploads\/2026\/04\/9_Mot-hemmahamnen_2022_17x21_150_copy-850x668.jpg 850w\" sizes=\"auto, (max-width: 2470px) 100vw, 2470px\" \/><\/figure>\n\n\n\n<p><\/p>\n\n\n\n<div class=\"wp-block-group\"><div class=\"wp-block-group__inner-container is-layout-constrained wp-block-group-is-layout-constrained\">\n<div class=\"wp-block-group\"><div class=\"wp-block-group__inner-container is-layout-constrained wp-block-group-is-layout-constrained\">\n<p>KOMMANDE UTST\u00c4LLNINGAR<\/p>\n\n\n\n<ul class=\"wp-block-list\">\n<li><a href=\"https:\/\/www.artfrida.fi\/\" data-type=\"link\" data-id=\"https:\/\/www.artfrida.fi\/\">Gemensam utst\u00e4llning I djupa vatten, 24.4-14 .5.2026 i Galleri Art Frida, Helsingfors<\/a><\/li>\n\n\n\n<li>Utvald av jury att representera Akvarellkonstf\u00f6reningen i Finlands rf i European Confederation of Watercolor Societies utst\u00e4llning i september i Gdansk, Polen<\/li>\n\n\n\n<li>Separatutst\u00e4llning i Galleri Perspektivet, Eken\u00e4s, augusti <\/li>\n\n\n\n<li>Separatutst\u00e4llning i september-oktober 2026, Galleriet i Grankulla stadshus<\/li>\n<\/ul>\n\n\n\n<p>TULEVIA N\u00c4YTTEYIT\u00c4 <\/p>\n\n\n\n<ul class=\"wp-block-list\">\n<li><a href=\"https:\/\/www.artfrida.fi\/\" data-type=\"link\" data-id=\"https:\/\/www.artfrida.fi\/\">Yhteisn\u00e4yttely Syviss\u00e4 vesiss\u00e4 24.4.-14 .5.2026, Galleri Art Frida, Helsinki<\/a><\/li>\n\n\n\n<li>Suomen Akvarellitaiteen Yhdistys ry:n edustaja, European Confederation of Watercolor Societies:in kansainv\u00e4linen jurytetty n\u00e4yttely, Puolassa syyskuussa 2026<\/li>\n\n\n\n<li>Erillisn\u00e4yttely Galleri Perspektivet, elokuussa 2026, Tammisaari<\/li>\n\n\n\n<li>Erillisn\u00e4yttely syys-lokakuussa 2026, Kauniaisten kaupungintalon Galleria<\/li>\n<\/ul>\n\n\n\n<p>UPCOMING EXHIBITIONS<\/p>\n\n\n\n<ul class=\"wp-block-list\">\n<li>Galleri Art Frida, Helsinki, 14.4.-14.5.2026<\/li>\n\n\n\n<li>Part of the Suomen Akvarellitaiteen Yhdistys ry selection for European Confederation of Watercolor Societies&#8217; exhibiton in Poland in September <\/li>\n\n\n\n<li>Galleri Perspektivet, Eken\u00e4s, August<\/li>\n\n\n\n<li>Gallery at the town hall, Grankulla, September-October<\/li>\n<\/ul>\n\n\n\n<p> Tidigare utst\u00e4llningar <\/p>\n\n\n\n<ul class=\"wp-block-list\">\n<li>Eloge till naturen, separatutst\u00e4llning 20.9-18.10.2024, Galleriet i Grankulla bibliotek.<\/li>\n\n\n\n<li>Utvald av jury att representera Suomen Akvarellitaiteen Yhdisys ry i European Confederation of Watercolor Societies utst\u00e4llning 10-25.8.2024 i Kulturhuset Laikku, Tammerfors.<\/li>\n\n\n\n<li><a href=\"http:\/\/akvart.fi\/tapahtuma\/luovuuden-virta\/\" data-type=\"link\" data-id=\"http:\/\/akvart.fi\/tapahtuma\/luovuuden-virta\/\">Kreativitetens fl\u00f6de, samutst\u00e4llning i Akvart-galleriet, 2024<\/a><\/li>\n\n\n\n<li>Natur och vyer i sk\u00e4rg\u00e5rden, separatutst\u00e4llning i galleriet i Hang\u00f6 bibliotek, 2023<\/li>\n\n\n\n<li>St\u00e4mningar vid havet, separatutst\u00e4llning, Grankulla bibliotek, 2022<\/li>\n\n\n\n<li>Sieluni maisemat, separatutst\u00e4llning i entr\u00e9hallen, Suomen itsen\u00e4isyyden juhlarahasto, 2013<\/li>\n<\/ul>\n\n\n\n<p>AIkaisemmat n\u00e4yttelyt<\/p>\n\n\n\n<ul class=\"wp-block-list\">\n<li>Ylistys luonnolle, erillisn\u00e4yttely 20.9.-18.10.2024 , Kauniaisten kirjaston Galleria&nbsp;<\/li>\n\n\n\n<li>Suomen Akvarellitaiteen Yhdistys ry:n edustaja, European Confederation of Watercolor Societies:in kansainv\u00e4linen jurytetty n\u00e4yttely, Kulttuurikeskus Laikku, Tampere, 10-25.8.2024.<\/li>\n\n\n\n<li><a href=\"http:\/\/akvart.fi\/tapahtuma\/luovuuden-virta\/\" data-type=\"link\" data-id=\"http:\/\/akvart.fi\/tapahtuma\/luovuuden-virta\/\">Luovuuden virta, yhteisn\u00e4yttely Akvart Galleriassa, 2024<\/a><\/li>\n\n\n\n<li>Luonto ja n\u00e4kymi\u00e4 saaristossa, yksityisn\u00e4yttely Hangon kirjaston galleriassa, 2023<\/li>\n\n\n\n<li>Tunnelmia meren \u00e4\u00e4rell\u00e4, yksityisn\u00e4yttely Kauniaisten kirjaston galleriassa, 2022<\/li>\n\n\n\n<li>Sieluni maisemat, yksityisn\u00e4yttely Suomen itsen\u00e4isyyden juhlarahaston sis\u00e4\u00e4ntuloaulassa,<br>2013<\/li>\n<\/ul>\n<\/div><\/div>\n\n\n\n<p>Previous exhibitions<\/p>\n\n\n\n<p><\/p>\n\n\n\n<p>Tribute to Nature, separate exhibition, 20.9-18.10.2024 in the Gallery, Grankulla library<\/p>\n\n\n\n<p>Part of the Suomen Akvarellitaiteen Yhdistys ry selection for European Confederation of Watercolor Societies&#8217; exhibiton in Culture Center of Laikku in Tampere 10-25.8.2024.<\/p>\n\n\n\n<p><\/p>\n<\/div><\/div>\n\n\n\n<figure class=\"wp-block-image size-large\"><img loading=\"lazy\" decoding=\"async\" width=\"1024\" height=\"934\" src=\"https:\/\/www.jonnart.fi\/wp-content\/uploads\/2024\/04\/IMG_20221225_110301-1024x934.jpg\" alt=\"\" class=\"wp-image-138\" style=\"aspect-ratio:16\/9;object-fit:cover\" srcset=\"https:\/\/www.jonnart.fi\/wp-content\/uploads\/2024\/04\/IMG_20221225_110301-1024x934.jpg 1024w, https:\/\/www.jonnart.fi\/wp-content\/uploads\/2024\/04\/IMG_20221225_110301-300x274.jpg 300w, https:\/\/www.jonnart.fi\/wp-content\/uploads\/2024\/04\/IMG_20221225_110301-150x137.jpg 150w, https:\/\/www.jonnart.fi\/wp-content\/uploads\/2024\/04\/IMG_20221225_110301-768x701.jpg 768w, https:\/\/www.jonnart.fi\/wp-content\/uploads\/2024\/04\/IMG_20221225_110301-1536x1402.jpg 1536w, https:\/\/www.jonnart.fi\/wp-content\/uploads\/2024\/04\/IMG_20221225_110301-2048x1869.jpg 2048w, https:\/\/www.jonnart.fi\/wp-content\/uploads\/2024\/04\/IMG_20221225_110301-850x776.jpg 850w\" sizes=\"auto, (max-width: 1024px) 100vw, 1024px\" \/><\/figure>\n\n\n\n<div class=\"wp-block-group\"><div class=\"wp-block-group__inner-container is-layout-constrained wp-block-group-is-layout-constrained\">\n<p>KONTAKTUPPGIFTER<\/p>\n\n\n\n<p>F\u00f6r mer information \/ Lis\u00e4tietoa \/ For more information:<\/p>\n\n\n\n<p>jonna.jonnart @ gmail.com&nbsp;<\/p>\n\n\n\n<p>+ 358 (0) 4057 04023<\/p>\n<\/div><\/div>\n","protected":false},"excerpt":{"rendered":"<p>KOMMANDE UTST\u00c4LLNINGAR TULEVIA N\u00c4YTTEYIT\u00c4 UPCOMING EXHIBITIONS Tidigare utst\u00e4llningar AIkaisemmat n\u00e4yttelyt Previous exhibitions Tribute to Nature, separate exhibition, 20.9-18.10.2024 in the Gallery, Grankulla library Part of the Suomen Akvarellitaiteen Yhdistys ry selection for European Confederation of Watercolor Societies&#8217; exhibiton in Culture Center of Laikku in Tampere 10-25.8.2024. KONTAKTUPPGIFTER F\u00f6r mer information \/ Lis\u00e4tietoa \/ For more&#8230;<\/p>\n","protected":false},"author":1,"featured_media":0,"parent":0,"menu_order":0,"comment_status":"closed","ping_status":"closed","template":"","meta":{"footnotes":""},"class_list":["post-90","page","type-page","status-publish","hentry"],"_links":{"self":[{"href":"https:\/\/www.jonnart.fi\/index.php\/wp-json\/wp\/v2\/pages\/90","targetHints":{"allow":["GET"]}}],"collection":[{"href":"https:\/\/www.jonnart.fi\/index.php\/wp-json\/wp\/v2\/pages"}],"about":[{"href":"https:\/\/www.jonnart.fi\/index.php\/wp-json\/wp\/v2\/types\/page"}],"author":[{"embeddable":true,"href":"https:\/\/www.jonnart.fi\/index.php\/wp-json\/wp\/v2\/users\/1"}],"replies":[{"embeddable":true,"href":"https:\/\/www.jonnart.fi\/index.php\/wp-json\/wp\/v2\/comments?post=90"}],"version-history":[{"count":29,"href":"https:\/\/www.jonnart.fi\/index.php\/wp-json\/wp\/v2\/pages\/90\/revisions"}],"predecessor-version":[{"id":426,"href":"https:\/\/www.jonnart.fi\/index.php\/wp-json\/wp\/v2\/pages\/90\/revisions\/426"}],"wp:attachment":[{"href":"https:\/\/www.jonnart.fi\/index.php\/wp-json\/wp\/v2\/media?parent=90"}],"curies":[{"name":"wp","href":"https:\/\/api.w.org\/{rel}","templated":true}]}}

Utställningar &#8211; Näyttelyitä &#8211; Exhibitions

<figure class="wp-block-image size-full is-resized"><img loading="lazy" decoding="async" width="2470" height="1940" src="https://www.jonnart.fi/wp-content/uploads/2026/04/9_Mot-hemmahamnen_2022_17x21_150_copy.jpg" alt="9" class="wp-image-357" style="width:320px;height:auto" srcset="https://www.jonnart.fi/wp-content/uploads/2026/04/9_Mot-hemmahamnen_2022_17x21_150_copy.jpg 2470w, https://www.jonnart.fi/wp-content/uploads/2026/04/9_Mot-hemmahamnen_2022_17x21_150_copy-300x236.jpg 300w, https://www.jonnart.fi/wp-content/uploads/2026/04/9_Mot-hemmahamnen_2022_17x21_150_copy-1024x804.jpg 1024w, https://www.jonnart.fi/wp-content/uploads/2026/04/9_Mot-hemmahamnen_2022_17x21_150_copy-150x118.jpg 150w, https://www.jonnart.fi/wp-content/uploads/2026/04/9_Mot-hemmahamnen_2022_17x21_150_copy-768x603.jpg 768w, https://www.jonnart.fi/wp-content/uploads/2026/04/9_Mot-hemmahamnen_2022_17x21_150_copy-1536x1206.jpg 1536w, https://www.jonnart.fi/wp-content/uploads/2026/04/9_Mot-hemmahamnen_2022_17x21_150_copy-2048x1609.jpg 2048w, https://www.jonnart.fi/wp-content/uploads/2026/04/9_Mot-hemmahamnen_2022_17x21_150_copy-850x668.jpg 850w" sizes="auto, (max-width: 2470px) 100vw, 2470px" /></figure>



<p></p>



<div class="wp-block-group"><div class="wp-block-group__inner-container is-layout-constrained wp-block-group-is-layout-constrained">
<div class="wp-block-group"><div class="wp-block-group__inner-container is-layout-constrained wp-block-group-is-layout-constrained">
<p>KOMMANDE UTSTÄLLNINGAR</p>



<ul class="wp-block-list">
<li><a href="https://www.artfrida.fi/" data-type="link" data-id="https://www.artfrida.fi/">Gemensam utställning I djupa vatten, 24.4-14 .5.2026 i Galleri Art Frida, Helsingfors</a></li>



<li>Utvald av jury att representera Akvarellkonstföreningen i Finlands rf i European Confederation of Watercolor Societies utställning i september i Gdansk, Polen</li>



<li>Separatutställning i Galleri Perspektivet, Ekenäs, augusti </li>



<li>Separatutställning i september-oktober 2026, Galleriet i Grankulla stadshus</li>
</ul>



<p>TULEVIA NÄYTTEYITÄ </p>



<ul class="wp-block-list">
<li><a href="https://www.artfrida.fi/" data-type="link" data-id="https://www.artfrida.fi/">Yhteisnäyttely Syvissä vesissä 24.4.-14 .5.2026, Galleri Art Frida, Helsinki</a></li>



<li>Suomen Akvarellitaiteen Yhdistys ry:n edustaja, European Confederation of Watercolor Societies:in kansainvälinen jurytetty näyttely, Puolassa syyskuussa 2026</li>



<li>Erillisnäyttely Galleri Perspektivet, elokuussa 2026, Tammisaari</li>



<li>Erillisnäyttely syys-lokakuussa 2026, Kauniaisten kaupungintalon Galleria</li>
</ul>



<p>UPCOMING EXHIBITIONS</p>



<ul class="wp-block-list">
<li>Galleri Art Frida, Helsinki, 14.4.-14.5.2026</li>



<li>Part of the Suomen Akvarellitaiteen Yhdistys ry selection for European Confederation of Watercolor Societies&#8217; exhibiton in Poland in September </li>



<li>Galleri Perspektivet, Ekenäs, August</li>



<li>Gallery at the town hall, Grankulla, September-October</li>
</ul>



<p> Tidigare utställningar </p>



<ul class="wp-block-list">
<li>Eloge till naturen, separatutställning 20.9-18.10.2024, Galleriet i Grankulla bibliotek.</li>



<li>Utvald av jury att representera Suomen Akvarellitaiteen Yhdisys ry i European Confederation of Watercolor Societies utställning 10-25.8.2024 i Kulturhuset Laikku, Tammerfors.</li>



<li><a href="http://akvart.fi/tapahtuma/luovuuden-virta/" data-type="link" data-id="http://akvart.fi/tapahtuma/luovuuden-virta/">Kreativitetens flöde, samutställning i Akvart-galleriet, 2024</a></li>



<li>Natur och vyer i skärgården, separatutställning i galleriet i Hangö bibliotek, 2023</li>



<li>Stämningar vid havet, separatutställning, Grankulla bibliotek, 2022</li>



<li>Sieluni maisemat, separatutställning i entréhallen, Suomen itsenäisyyden juhlarahasto, 2013</li>
</ul>



<p>AIkaisemmat näyttelyt</p>



<ul class="wp-block-list">
<li>Ylistys luonnolle, erillisnäyttely 20.9.-18.10.2024 , Kauniaisten kirjaston Galleria&nbsp;</li>



<li>Suomen Akvarellitaiteen Yhdistys ry:n edustaja, European Confederation of Watercolor Societies:in kansainvälinen jurytetty näyttely, Kulttuurikeskus Laikku, Tampere, 10-25.8.2024.</li>



<li><a href="http://akvart.fi/tapahtuma/luovuuden-virta/" data-type="link" data-id="http://akvart.fi/tapahtuma/luovuuden-virta/">Luovuuden virta, yhteisnäyttely Akvart Galleriassa, 2024</a></li>



<li>Luonto ja näkymiä saaristossa, yksityisnäyttely Hangon kirjaston galleriassa, 2023</li>



<li>Tunnelmia meren äärellä, yksityisnäyttely Kauniaisten kirjaston galleriassa, 2022</li>



<li>Sieluni maisemat, yksityisnäyttely Suomen itsenäisyyden juhlarahaston sisääntuloaulassa,<br>2013</li>
</ul>
</div></div>



<p>Previous exhibitions</p>



<p></p>



<p>Tribute to Nature, separate exhibition, 20.9-18.10.2024 in the Gallery, Grankulla library</p>



<p>Part of the Suomen Akvarellitaiteen Yhdistys ry selection for European Confederation of Watercolor Societies&#8217; exhibiton in Culture Center of Laikku in Tampere 10-25.8.2024.</p>



<p></p>
</div></div>



<figure class="wp-block-image size-large"><img loading="lazy" decoding="async" width="1024" height="934" src="https://www.jonnart.fi/wp-content/uploads/2024/04/IMG_20221225_110301-1024x934.jpg" alt="" class="wp-image-138" style="aspect-ratio:16/9;object-fit:cover" srcset="https://www.jonnart.fi/wp-content/uploads/2024/04/IMG_20221225_110301-1024x934.jpg 1024w, https://www.jonnart.fi/wp-content/uploads/2024/04/IMG_20221225_110301-300x274.jpg 300w, https://www.jonnart.fi/wp-content/uploads/2024/04/IMG_20221225_110301-150x137.jpg 150w, https://www.jonnart.fi/wp-content/uploads/2024/04/IMG_20221225_110301-768x701.jpg 768w, https://www.jonnart.fi/wp-content/uploads/2024/04/IMG_20221225_110301-1536x1402.jpg 1536w, https://www.jonnart.fi/wp-content/uploads/2024/04/IMG_20221225_110301-2048x1869.jpg 2048w, https://www.jonnart.fi/wp-content/uploads/2024/04/IMG_20221225_110301-850x776.jpg 850w" sizes="auto, (max-width: 1024px) 100vw, 1024px" /></figure>



<div class="wp-block-group"><div class="wp-block-group__inner-container is-layout-constrained wp-block-group-is-layout-constrained">
<p>KONTAKTUPPGIFTER</p>



<p>För mer information / Lisätietoa / For more information:</p>



<p>jonna.jonnart @ gmail.com&nbsp;</p>



<p>+ 358 (0) 4057 04023</p>
</div></div>

<p>KOMMANDE UTSTÄLLNINGAR TULEVIA NÄYTTEYITÄ UPCOMING EXHIBITIONS Tidigare utställningar AIkaisemmat näyttelyt Previous exhibitions Tribute to Nature, separate exhibition, 20.9-18.10.2024 in the Gallery, Grankulla library Part of the Suomen Akvarellitaiteen Yhdistys ry selection for European Confederation of Watercolor Societies&#8217; exhibiton in Culture Center of Laikku in Tampere 10-25.8.2024. KONTAKTUPPGIFTER För mer information / Lisätietoa / For more&#8230;</p>
